- h - 2. Let q be j(3). Let x = 71 + q. Suppose 3*r - 2*a = -7*a + 2227, -x*r = -4*a - 2209. Is r a composite number?
False
Let d = 2 - 5. Let o be (-1 - d)/(2/(-3)). Is 1/(9/o)*-291 a prime number?
True
Suppose 46*c = 37*c + 99783. Is c prime?
True
Let c = -29 + 34. Suppose 2 + 2 = 3*r + s, -20 = -2*r - c*s. Suppose -14*f + 8*f + 426 = r. Is f a prime number?
True
Let c(y) = -1. Suppose 0*k = -2*k + z - 5, 5*z + 7 = 2*k. Let j(a) = 26*a + 15. Let m(i) = k*c(i) + j(i). Is m(12) composite?
False
Let s(z) = -z**2 + 15*z + 58. Let k be s(18). Suppose k*y + 5*u - 33 = 0, -y - 5 = 5*u - 32. Suppose -2*p + 7319 = p - 4*j, 2433 = p + y*j. Is p a prime number?
True
Suppose j + 5*t + 133741 = 1286125, t - 2304723 = -2*j. Is j composite?
True
Is (-1 - -1) + 68005 + -472 + 474 a composite number?
True
Let p(u) = u**3 - 4*u**2 + 15*u - 5. Let f be 2 + 9 - (-3 + 2). Is p(f) composite?
False
Suppose -2*p - 4*v + 22 = -0*v, 3*p + 4*v - 37 = 0. Suppose 14*f - p*f - 93 = 2*y, -284 = 3*f + y. Is -3*(3 + f/15) prime?
False
Suppose -83258390 = -160*u + 114*u. Is u composite?
True
Suppose 149708 = -15*x + 14*x. Is (1/(-4))/(13/x) prime?
True
Suppose 4 = 4*i, 2*a - 6 - 7 = 5*i. Is 6*(-21)/14*(-20477)/a composite?
False
Suppose -262 - 6803 = -9*f. Let i = f + -484. Is i prime?
False
Let p = 65 - 66. Let r(f) = 66107*f**2 - 3*f - 2. Let s be r(p). Suppose -v = 11*v - s. Is v a prime number?
False
Suppose -8 = 2*k, 7*m = 5*m + 3*k. Let j(t) = 287*t**2 - 2*t + 25. Let a be j(m). Suppose -a - 11161 = -10*n. Is n a composite number?
False
Let d be 13/(-39) - ((-7744)/3 - -2). Let m = 151 - 147. Suppose m*p = 3*p + d. Is p a composite number?
False
Suppose 49*r = -24*r + 93*r - 2034660. Is r composite?
True
Let n = -2 - -4. Let t be 1/(n/(-23)*(-1)/698). Suppose -12 = 3*y, 2*y = 4*o - t - 393. Is o a prime number?
False
Is 79377/(-4)*(-1068)/267 a composite number?
True
Let i = -68 + 76. Let n(s) = -s + 58. Let a be n(i). Suppose -a - 61 = -l - 5*k, -110 = -l - 4*k. Is l a composite number?
True
Suppose -8*o - 1071219 = -3568091. Is o a composite number?
True
Let c(z) = z**3 + 15*z**2 - 10*z + 98. Let p be c(-16). Let k(l) = 3872*l**2 - 2*l - 3. Is k(p) prime?
False
Suppose 65*u - 246796 = 64*u + 5*i, 740488 = 3*u + 5*i. Is u prime?
False
Let q be (-75)/(1 + 4)*(-2 - -1). Let m(a) = 107*a + 52. Is m(q) composite?
False
Let o be 3 + (-1 + -7 - 177). Let y(s) = -1358*s**2 - 2*s + 1. Let m be y(1). Let h = o - m. Is h prime?
False
Is 6/(-1) - (-26599 + 5)*(-4)/(-8) prime?
True
Let d be (16/(-6))/(1/(-516)). Suppose -5*v - d = -8*v + k, 0 = 3*v + k - 1372. Is v composite?
True
Suppose 2883*p - 2937*p = -1980415 - 3940739. Is p a prime number?
False
Let n(u) = 3*u**3 - 6*u**2 + 5*u - 18. Let o be n(6). Suppose 44359 = -437*q + o*q. Is q a composite number?
False
Let m = -61954 - -88859. Is m a composite number?
True
Suppose -k + 1709 = -3*b - 5551, -21806 = -3*k - 4*b. Let n be 248/(-62) + 4057/(-1). Let z = n + k. Is z prime?
False
Suppose 0 = -87*k + 101*k - 10451294. Is k prime?
False
Is 74/(-925) - (-1025385)/125 composite?
True
Let q be -2 - (78/(-13))/(6/4). Suppose -5*z + 8 = q*h - 14, -2*h - 8 = 0. Is (1 - -3246) + -6*(-4)/z a prime number?
True
Let q(d) = -11 + 0 + 90*d - 12. Let p be ((-20)/(-70))/(1/35). Is q(p) a prime number?
True
Let v = -12 - -17. Suppose 12984 = -v*b + 33069. Let h = b + -2656. Is h composite?
False
Let p be (-3)/(-3)*(-5)/(-3)*-3. Let u be 4/1 - (2 - p). Is u*-892*(-1)/(-6) a composite number?
True
Suppose 3*x + 458 = 2870. Suppose 167*t - x = 163*t. Is t a composite number?
True
Let q(x) = 31*x**2 - 18*x + 46. Let y(t) = 63*t**2 - 38*t + 91. Let v(j) = 13*q(j) - 6*y(j). Is v(23) a prime number?
False
Let t(o) = -o**2 - 15*o - 50. Let m be t(-6). Suppose m*p - 5*k = 6744, 12*p - 5*k = 14*p - 3402. Is p a prime number?
False
Let i(f) be the first derivative of 319*f + 4 + 1/2*f**2. Is i(0) prime?
False
Let x = -33 + 35. Suppose -v + 3*y - 95 = 0, 2*v - 4*y = -x*y - 190. Let f = 150 + v. Is f composite?
True
Let h(j) = 5*j**2 - 11*j - 6. Let n be ((-8)/(-6) - -2)/((-26)/195). Is h(n) prime?
False
Let i = 33 + -15. Let c be (14/(-14))/((-2)/i). Let z(q) = 14*q + 23. Is z(c) composite?
False
Let v be (1 - 1)/((12/(-2))/(-6)). Suppose -6*f + 9*f - 1353 = v. Is f a composite number?
True
Let r = -216 + 167. Let f = r + 500. Is f a prime number?
False
Let o be 1/(2/(-12))*90/27. Is (-12)/o + (-217386)/(-15) a prime number?
False
Suppose -8596407 = -35*j + 26024578. Is j a prime number?
True
Let d(t) = -4*t**3 - 2*t**2 - t + 17. Let v(p) = -2*p**3 - 2*p**2 + 16. Let g(w) = -2*d(w) + 3*v(w). Is g(4) prime?
False
Suppose 2*c = 5*i + 144, -2*i = -7*i + c - 147. Let m be 1/(i/16 + 2). Suppose 0 = 4*j - 5*d + 8, -4*j - 5*d = m - 40. Is j a composite number?
False
Let r be 172/2322 - 79/(-27). Suppose -q + 2*y = -231, 0 = 4*q - r*y - 507 - 427. Is q a prime number?
False
Let a(n) = -2*n**3 + 6*n**2 - 4*n + 3. Let v be a(2). Suppose 3*q - 44000 = -2*s, 3*s = v*q + 10032 - 54012. Is (-1)/(5 + q/(-2932)) prime?
True
Suppose 35311 = 4*u - n + 14511, -2*u + 10386 = -4*n. Is u a prime number?
False
Let x = 164 + -166. Is (-11 - -4 - x) + 207 a prime number?
False
Let c(j) = j**3 + 48*j**2 + 62*j + 45. Let n be c(-47). Let q = 793 + n. Is q a prime number?
False
Suppose 2*s = 2*a - 91573 + 432007, 5*s - 851097 = -a. Is s a prime number?
False
Is (-5 - (-2 - 1 - 1))/(9/(-459387)) composite?
False
Let o(c) = -c**3 + c**2 + c. Let i(t) = 5*t**3 - 15*t**2 + 7*t - 32. Let u(k) = i(k) + 6*o(k). Is u(-15) prime?
True
Let v(w) = -21*w**2 - 11*w - 52. Let l be v(14). Let h = l + 10339. Is h composite?
True
Let u(j) = -j**3 + 34*j**2 + 103*j - 621. Is u(35) composite?
False
Suppose i - 4*u - 90867 = 0, i - 37039 = -u + 53853. Is i a prime number?
True
Let i(j) be the third derivative of 409*j**4/8 - 34*j**3/3 + 36*j**2. Is i(5) composite?
False
Let d = -231700 + 414023. Is d a prime number?
False
Let x = 136098 - 91571. Is x prime?
False
Let p(u) = -10 + 47*u + 14 + 10 - 18*u - 104*u. Let z(x) = x - 9. Let m be z(4). Is p(m) prime?
True
Let h(i) = -18*i - 5*i**3 + 4*i**3 - 3 - 14*i + 22*i**2. Let v = -140 + 154. Is h(v) a prime number?
True
Suppose 10*v - 3*l - 62272 = 5*v, -5*v + l + 62274 = 0. Suppose -139*w = -134*w - v. Is w prime?
False
Suppose 38591 = 3*t + 3*a - 6274, -a = -4. Is t composite?
False
Suppose -487664 - 1183275 = -127*t. Is t composite?
True
Is (35/((-910)/(-1557244)))/(-2 - -4) a prime number?
True
Let f(h) = h**3 + 25*h**2 + 27*h + 16. Let m be f(-24). Let d = -54 - m. Is -1070*(d*3/(-4))/3 prime?
False
Let i = -197347 + 394200. Is i composite?
False
Suppose -4*p + 2*z + 184936 = 0, 3*z = 5*p - 370518 + 139345. Is p a composite number?
True
Let v(f) = 15851*f**3 - 5*f**2 + 23*f - 42. Is v(4) composite?
True
Let m = -2766 + 4095. Suppose -5*w - 17460 = -5*l, 3*w = -l + 2159 + m. Is l prime?
True
Let k be (-10)/(-75) + 793/15. Let c = k - 49. Suppose 2621 = -2*r - g + 9715, 0 = -c*r + g + 14188. Is r composite?
False
Suppose -49*z - 10899 + 114954 = -252910. Let p = 9 - 2. Suppose p*b - 3292 = z. Is b a prime number?
True
Suppose -227*h + 12 = -221*h. Suppose 2*u - u = 5*r - 12292, -2*u = h*r - 4924. Is r composite?
False
Suppose -2*x + 123558 = -58*l + 56*l, 5*x - 4*l = 308897. Is x a composite number?
False
Let z(a) = 2*a**3 + 38*a**2 - 12*a + 19. Let l(h) = 16*h - 3. Let m be l(-1). Is z(m) a prime number?
False
Let l be 10/90 + (-85193)/(-9). Is (8/10 - l/70)*-7 a composite number?
False
Let t = 59868 + -16069. Is t a composite number?
True
Let h(f) = -209439*f - 838. Is h(-3) a prime number?
True
Suppose -2*l + 2*k = -448570 + 96596, -4*k - 1231921 = -7*l. Is l prime?
True
Let f = -59551 - -129312. Is f prime?
True
Suppose -c = 3*b - 25, -b = -3*b - 3*c + 12. Suppose b*a - 2*a - 19201 = 0. Is a a composite number?
True
Suppose -5*l = -2*b + b - 29, -5*b = 3*l + 5. Suppose -l*p + 3*p + 10010 = 2*x, -x + p + 5001 = 0. Is x prime?
True
Let r(f) = -f + 27. Let y be 0 + (-1470)/(-24) + 3/4. Let k = -54 + y. Is r(k) a prime number?
True
Let s(i) = 3082*i - 117. Let g be s(14). Suppose -6*c = g - 122441. Is c composite?
True
Suppose -4*s = -s. Suppose -2*o + 4*k + 1804 = s, -5*k = 4*o - 2*o - 1804. Let b = o - 315. Is b a prime number?
True
Let j(t) =